{"id":323,"date":"2020-12-16T09:21:41","date_gmt":"2020-12-16T09:21:41","guid":{"rendered":"https:\/\/aliade.eu\/?page_id=323"},"modified":"2025-10-07T14:52:45","modified_gmt":"2025-10-07T14:52:45","slug":"asesoria-laboral","status":"publish","type":"page","link":"https:\/\/aliade.eu\/index.php\/asesoria-laboral\/","title":{"rendered":"Asesor\u00eda laboral"},"content":{"rendered":"\t\t<div data-elementor-type=\"wp-page\" data-elementor-id=\"323\" class=\"elementor elementor-323\" data-elementor-settings=\"[]\">\n\t\t\t\t\t\t<div class=\"elementor-inner\">\n\t\t\t\t\t\t\t<div class=\"elementor-section-wrap\">\n\t\t\t\t\t\t\t<section class=\"elementor-section elementor-top-section elementor-element elementor-element-aedae35 elementor-section-full_width elementor-section-height-default elementor-section-height-default\" data-id=\"aedae35\" data-element_type=\"section\">\n\t\t\t\t\t\t<div class=\"elementor-container elementor-column-gap-default\">\n\t\t\t\t\t\t\t<div class=\"elementor-row\">\n\t\t\t\t\t<div class=\"elementor-column elementor-col-50 elementor-top-column elementor-element elementor-element-54423e11\" data-id=\"54423e11\" data-element_type=\"column\">\n\t\t\t<div class=\"elementor-column-wrap elementor-element-populated\">\n\t\t\t\t\t\t\t<div class=\"elementor-widget-wrap\">\n\t\t\t\t\t\t<div class=\"elementor-element elementor-element-4e9ffcf5 elementor-widget elementor-widget-heading\" data-id=\"4e9ffcf5\" data-element_type=\"widget\" data-widget_type=\"heading.default\">\n\t\t\t\t<div class=\"elementor-widget-container\">\n\t\t\t<h1 class=\"elementor-heading-title elementor-size-default\">Asesor\u00eda <b> Laboral<\/b><\/h1>\t\t<\/div>\n\t\t\t\t<\/div>\n\t\t\t\t<div class=\"elementor-element elementor-element-45c85ff5 elementor-widget elementor-widget-text-editor\" data-id=\"45c85ff5\" data-element_type=\"widget\" data-widget_type=\"text-editor.default\">\n\t\t\t\t<div class=\"elementor-widget-container\">\n\t\t\t\t\t<div class=\"elementor-text-editor elementor-clearfix\"><p><span style=\"font-size: 20px;\">Las prestaciones de esta \u00e1rea comprender\u00e1n el asesoramiento con car\u00e1cter permanente, verbal o por escrito, as\u00ed como la redacci\u00f3n de escritos y documentos.&nbsp;<\/span><br><\/p>\n<ul>\n<li>Confecci\u00f3n de n\u00f3minas y Seguros Sociales.&nbsp;<\/li>\n<li>Gesti\u00f3n de incidencias de Incapacidad Temporal y Accidentes de Trabajo.&nbsp;<\/li>\n<li>Asesoramiento en materia de pol\u00edtica salarial y actualizaci\u00f3n de convenios.&nbsp;<\/li>\n<li>Certificados de ingresos y descuentos anuales de cada uno de los trabajadores. Confecci\u00f3n del modelo 111 de retenciones y modelos 190.&nbsp;<\/li>\n<li>Asesoramiento, formalizaci\u00f3n y control en materia de contrataci\u00f3n, subvenciones y bonificaciones.&nbsp;<\/li>\n<li>An\u00e1lisis del cumplimiento y formalizaci\u00f3n de la normativa vigente seg\u00fan<br>afiliaci\u00f3n, altas, bajas en relaci\u00f3n al personal adscrito a la empresa en<br>r\u00e9gimen general.<\/li>\n<li>Apoyo y asesoramiento en materia de Prevenci\u00f3n de Riesgos Laborales.<\/li>\n<\/ul><\/div>\n\t\t\t\t<\/div>\n\t\t\t\t<\/div>\n\t\t\t\t\t\t<\/div>\n\t\t\t\t\t<\/div>\n\t\t<\/div>\n\t\t\t\t<div class=\"elementor-column elementor-col-50 elementor-top-column elementor-element elementor-element-3e48697b\" data-id=\"3e48697b\" data-element_type=\"column\">\n\t\t\t<div class=\"elementor-column-wrap\">\n\t\t\t\t\t\t\t<div class=\"elementor-widget-wrap\">\n\t\t\t\t\t\t\t\t<\/div>\n\t\t\t\t\t<\/div>\n\t\t<\/div>\n\t\t\t\t\t\t\t\t<\/div>\n\t\t\t\t\t<\/div>\n\t\t<\/section>\n\t\t\t\t\t\t<\/div>\n\t\t\t\t\t\t<\/div>\n\t\t\t\t\t<\/div>\n\t\t","protected":false},"excerpt":{"rendered":"<p>Asesor\u00eda Laboral Las prestaciones de esta \u00e1rea comprender\u00e1n el asesoramiento con car\u00e1cter permanente, verbal o por escrito, as\u00ed como la redacci\u00f3n de escritos y documentos.&nbsp; Confecci\u00f3n de n\u00f3minas y Seguros Sociales.&nbsp; Gesti\u00f3n de incidencias de Incapacidad Temporal y Accidentes de Trabajo.&nbsp; Asesoramiento en materia de pol\u00edtica salarial y actualizaci\u00f3n de convenios.&nbsp; Certificados de ingresos y &hellip;<\/p>\n<p class=\"read-more\"> <a class=\"\" href=\"https:\/\/aliade.eu\/index.php\/asesoria-laboral\/\"> <span class=\"screen-reader-text\">Asesor\u00eda laboral<\/span> Leer m\u00e1s &raquo;<\/a><\/p>\n","protected":false},"author":2,"featured_media":0,"parent":0,"menu_order":0,"comment_status":"closed","ping_status":"closed","template":"","meta":[],"_links":{"self":[{"href":"https:\/\/aliade.eu\/index.php\/wp-json\/wp\/v2\/pages\/323"}],"collection":[{"href":"https:\/\/aliade.eu\/index.php\/wp-json\/wp\/v2\/pages"}],"about":[{"href":"https:\/\/aliade.eu\/index.php\/wp-json\/wp\/v2\/types\/page"}],"author":[{"embeddable":true,"href":"https:\/\/aliade.eu\/index.php\/wp-json\/wp\/v2\/users\/2"}],"replies":[{"embeddable":true,"href":"https:\/\/aliade.eu\/index.php\/wp-json\/wp\/v2\/comments?post=323"}],"version-history":[{"count":16,"href":"https:\/\/aliade.eu\/index.php\/wp-json\/wp\/v2\/pages\/323\/revisions"}],"predecessor-version":[{"id":687,"href":"https:\/\/aliade.eu\/index.php\/wp-json\/wp\/v2\/pages\/323\/revisions\/687"}],"wp:attachment":[{"href":"https:\/\/aliade.eu\/index.php\/wp-json\/wp\/v2\/media?parent=323"}],"curies":[{"name":"wp","href":"https:\/\/api.w.org\/{rel}","templated":true}]}}